factor of 31 and 496.
31
Calculate the highest common factor of 2 and 2.
2
What is the greatest common factor of 52 and 650?
26
Calculate the greatest common divisor of 6808 and 506.
46
What is the highest common divisor of 120 and 210?
30
What is the greatest common divisor of 36 and 10032?
12
What is the highest common divisor of 156 and 52572?
156
Calculate the greatest common factor of 111 and 925.
37
What is the greatest common divisor of 21 and 476?
7
Calculate the highest common divisor of 1808 and 678.
226
What is the greatest common factor of 144 and 504?
72
What is the highest common factor of 420 and 2240?
140
Calculate the greatest common factor of 264 and 408.
24
What is the greatest common divisor of 91 and 767?
13
Calculate the greatest common divisor of 310 and 140.
10
What is the highest common divisor of 346 and 5017?
173
Calculate the greatest common divisor of 36 and 84.
12
What is the highest common factor of 215 and 1333?
43
Calculate the greatest common divisor of 42 and 21.
21
What is the highest common factor of 1118 and 130?
26
Calculate the highest common divisor of 105 and 15.
15
Calculate the greatest common factor of 4 and 148.
4
Calculate the greatest common factor of 251 and 27861.
251
What is the greatest common factor of 51 and 255?
51
Calculate the greatest common divisor of 24 and 5408.
8
Calculate the greatest common divisor of 1342 and 22.
22
What is the highest common divisor of 763 and 109?
109
Calculate the greatest common divisor of 19 and 779.
19
What is the highest common divisor of 3013 and 23?
23
Calculate the greatest common divisor of 36 and 225.
9
Calculate the greatest common factor of 225 and 531.
9
Calculate the greatest common factor of 40 and 1832.
8
What is the highest common factor of 252 and 108?
36
What is the highest common factor of 1 and 3?
1
Calculate the greatest common divisor of 10 and 2430.
10
Calculate the highest common factor of 1024 and 40.
8
Calculate the highest common divisor of 289 and 2006.
17
What is the highest common divisor of 210 and 18970?
70
What is the highest common factor of 40 and 2560?
40
Calculate the greatest common factor of 4815 and 45.
45
Calculate the highest common divisor of 1428 and 408.
204
What is the highest common divisor of 170 and 34?
34
Calculate the greatest common divisor of 63 and 336.
21
What is the highest common factor of 5605 and 1180?
295
What is the highest common divisor of 34595 and 814?
407
What is the greatest common divisor of 44 and 116?
4
Calculate the highest common factor of 12 and 1524.
12
What is the highest common divisor of 3725 and 149?
149
What is the highest common divisor of 3110 and 10?
10
Calculate the highest common divisor of 1161 and 473.
43
What is the greatest common divisor of 36 and 996?
12
What is the greatest common divisor of 665 and 8512?
133
Calculate the greatest common divisor of 60 and 10.
10
Calculate the highest common factor of 10 and 85.
5
Calculate the highest common divisor of 42 and 322.
14
What is the highest common factor of 13981 and 1023?
341
Calculate the greatest common divisor of 170 and 595.
85
What is the greatest common factor of 38 and 1653?
19
What is the highest common divisor of 100 and 12?
4
What is the greatest common divisor of 48 and 348?
12
Calculate the highest common factor of 116 and 841.
29
Calculate the highest common factor of 80 and 9140.
20
What is the greatest common divisor of 32 and 2?
2
Calculate the greatest common factor of 71 and 1917.
71
What is the highest common divisor of 2652 and 52?
52
Calculate the greatest common divisor of 100 and 4.
4
What is the highest common divisor of 144 and 80?
16
Calculate the greatest common factor of 91 and 11921.
91
Calculate the highest common factor of 23 and 1909.
23
Calculate the greatest common factor of 624 and 546.
78
Calculate the highest common divisor of 39906 and 54.
54
What is the highest common factor of 8 and 252?
4
What is the highest common factor of 5852 and 7?
7
Calculate the highest common factor of 29595 and 15.
15
What is the highest common factor of 779 and 2050?
41
What is the greatest common factor of 4968 and 92?
92
What is the highest common divisor of 7 and 1946?
7
Calculate the highest common divisor of 4 and 32.
4
Calculate the greatest common divisor of 5696 and 32.
32
Calculate the highest common factor of 1026 and 27.
27
Calculate the highest common divisor of 3130 and 10.
10
What is the highest common divisor of 17621 and 526?
263
Calculate the highest common factor of 14935 and 145.
145
Calculate the greatest common divisor of 3916 and 11.
11
Calculate the highest common factor of 17 and 629.
17
Calculate the highest common factor of 1 and 41.
1
Calculate the highest common divisor of 342 and 99.
9
What is the highest common divisor of 78 and 182?
26
Calculate the greatest common factor of 56 and 1890.
14
Calculate the highest common divisor of 72 and 1040.
8
Calculate the highest common factor of 18323 and 219.
73
What is the highest common divisor of 97 and 15229?
97
Calculate the greatest common divisor of 282 and 30.
6
Calculate the greatest common divisor of 182 and 126.
14
What is the greatest common factor of 50 and 10?
10
Calculate the greatest common divisor of 50 and 1250.
50
Calculate the highest common divisor of 82 and 5371.
41
Calculate the greatest common divisor of 452 and 8.
4
Calculate the greatest common factor of 165 and 33.
33
What is the greatest common divisor of 8174 and 122?
122
What is the greatest common factor of 648 and 176?
8
What is the greatest common factor of 2108 and 17?
17
What is the greatest common factor of 580 and 20?
20
What is the greatest common factor of 228 and 72?
12
Calculate the highest common divisor of 20 and 80.
20
Calculate the greatest common factor of 7 and 896.
7
What is the greatest common factor of 2424 and 12?
12
Calculate the highest common divisor of 2912 and 168.
56
What is the greatest common factor of 48 and 80?
16
Calculate the highest common divisor of 46 and 558.
2
What is the highest common divisor of 654 and 66?
6
Calculate the highest common divisor of 1763 and 82.
41
What is the highest common divisor of 13 and 3653?
13
What is the greatest common divisor of 11 and 1969?
11
What is the highest common factor of 32 and 1456?
16
What is the highest common factor of 75 and 800?
25
What is the highest common divisor of 84 and 4872?
84
Calculate the greatest common factor of 106 and 2.
2
Calculate the highest common factor of 35 and 10185.
35
What is the greatest common factor of 40 and 430?
10
What is the highest common divisor of 27000 and 72?
72
Calculate the greatest common factor of 94 and 846.
94
Calculate the highest common factor of 2575 and 25.
25
Calculate the greatest common divisor of 15 and 4935.
15
Calculate the greatest common factor of 3834 and 36.
18
Calculate the highest common divisor of 1525 and 25.
25
What is the greatest common divisor of 418 and 88?
22
Calculate the greatest common divisor of 624 and 2352.
48
What is the greatest common factor of 1147 and 37?
37
Calculate the highest common factor of 190 and 9595.
95
What is the greatest common factor of 656 and 576?
16
Calculate the highest common factor of 66 and 3432.
66
What is the highest common factor of 8700 and 480?
60
What is the greatest common divisor of 99 and 2145?
33
What is the greatest common divisor of 580 and 20?
20
What is the greatest common factor of 343 and 147?
49
Calculate the highest common factor of 35855 and 355.
355
What is the greatest common divisor of 2430 and 7020?
270
What is the greatest common factor of 672 and 12?
12
What is the highest common factor of 847 and 55?
11
Calculate the greatest common factor of 560 and 595.
35
What is the highest common divisor of 41200 and 206?
206
What is the greatest common factor of 2 and 94?
2
Calculate the greatest common divisor of 192 and 7368.
24
Calculate the highest common factor of 40 and 1005.
5
Calculate the greatest common divisor of 8 and 7496.
8
Calculate the highest common factor of 3696 and 14.
14
Calculate the highest common divisor of 250 and 4625.
125
Calculate the highest common divisor of 58 and 377.
29
Calculate the highest common factor of 5243 and 49.
49
Calc